{"id":3266,"date":"2024-04-18T12:37:44","date_gmt":"2024-04-18T15:37:44","guid":{"rendered":"https:\/\/consrecife.esteri.it\/?page_id=3266"},"modified":"2024-04-18T12:37:44","modified_gmt":"2024-04-18T15:37:44","slug":"patronati","status":"publish","type":"page","link":"https:\/\/consrecife.esteri.it\/pt\/servizi-consolari-e-visti\/servizi-per-il-cittadino-italiano\/pensioni-e-sicurezza-sociale\/patronati\/","title":{"rendered":"Patronati"},"content":{"rendered":"<h1 class=\"entry-title h3\"><strong style=\"font-size: 16px;\">PATRONATI NO NORDESTE<\/strong><\/h1>\n<p>O Patronato \u00e9 uma institui\u00e7\u00e3o de origem italiana. Segundo a Lei n\u00ba 152 de 30 de maio de 2001, o Patronato presta atividades de informa\u00e7\u00e3o, de assist\u00eancia e de tutela aos trabalhadores, aposentados ou aos cidad\u00e3os italianos em geral. Presta qualquer tipo de assist\u00eancia em mat\u00e9ria de previd\u00eancia social na It\u00e1lia e no exterior, imigra\u00e7\u00e3o e emigra\u00e7\u00e3o. A seguir, os dados das sedes dos Patronati italianos no Nordeste.<\/p>\n<p>&nbsp;<\/p>\n<div class=\"entry-content\">\n<p><strong>PATRONATO UIL<\/strong><br \/>\nRespons\u00e1vel:\u00a0 \u00a0 \u00a0 \u00a0 \u00a0 \u00a0 \u00a0Lidiane Schioppo<br \/>\nEndere\u00e7o:\u00a0\u00a0\u00a0\u00a0\u00a0\u00a0\u00a0\u00a0\u00a0\u00a0\u00a0\u00a0\u00a0\u00a0\u00a0\u00a0\u00a0\u00a0\u00a0\u00a0 Rua Vicente Linhares, 521, Sala 1205, 12\u00ba andar &#8211; Aldeota<br \/>\n601352-70 \u2013 Fortaleza \u2013 CE<br \/>\nTel.:\u00a0\u00a0\u00a0\u00a0\u00a0\u00a0\u00a0\u00a0\u00a0\u00a0\u00a0\u00a0\u00a0\u00a0\u00a0\u00a0\u00a0\u00a0\u00a0\u00a0\u00a0\u00a0\u00a0\u00a0\u00a0\u00a0\u00a0\u00a0(+55\/85) 3181-6785<br \/>\nE-Mail:\u00a0 \u00a0 \u00a0 \u00a0 \u00a0 \u00a0 \u00a0 \u00a0 \u00a0 \u00a0 \u00a0 \u00a0 italfortaleza@uil.org.br<\/p>\n<\/div>\n<p><strong>PATRONATO UIL<\/strong><br \/>\nRespons\u00e1vel: \u00a0\u00a0\u00a0\u00a0\u00a0\u00a0\u00a0\u00a0\u00a0\u00a0\u00a0\u00a0Fernanda Costa<br \/>\nEndere\u00e7o:\u00a0\u00a0\u00a0\u00a0\u00a0\u00a0\u00a0\u00a0\u00a0\u00a0\u00a0\u00a0\u00a0\u00a0\u00a0\u00a0\u00a0\u00a0\u00a0\u00a0 Avenida Sete de Setembro, 1238<br \/>\n400600-00 \u2013 Salvador \u2013 BA<br \/>\nTel.:\u00a0\u00a0\u00a0\u00a0\u00a0\u00a0\u00a0\u00a0\u00a0\u00a0\u00a0\u00a0\u00a0\u00a0\u00a0\u00a0\u00a0\u00a0\u00a0\u00a0\u00a0\u00a0\u00a0\u00a0\u00a0\u00a0\u00a0\u00a0(+55\/71) 3035-4388<br \/>\nE-Mail:\u00a0 \u00a0 \u00a0 \u00a0 \u00a0 \u00a0 \u00a0 \u00a0 \u00a0 \u00a0 \u00a0 \u00a0 italsalvador@uil.org.br<\/p>\n","protected":false},"excerpt":{"rendered":"PATRONATI NO NORDESTE O Patronato \u00e9 uma institui\u00e7\u00e3o de origem italiana. Segundo a Lei n\u00ba 152 de 30 de maio de 2001, o Patronato presta atividades de informa\u00e7\u00e3o, de assist\u00eancia e de tutela aos trabalhadores, aposentados ou aos cidad\u00e3os italianos em geral. Presta qualquer tipo de assist\u00eancia em mat\u00e9ria de previd\u00eancia social na It\u00e1lia e [&hellip;]","protected":false},"author":4,"featured_media":0,"parent":221,"menu_order":0,"comment_status":"closed","ping_status":"closed","template":"","meta":{"footnotes":""},"class_list":["post-3266","page","type-page","status-publish","hentry"],"_links":{"self":[{"href":"https:\/\/consrecife.esteri.it\/pt\/wp-json\/wp\/v2\/pages\/3266","targetHints":{"allow":["GET"]}}],"collection":[{"href":"https:\/\/consrecife.esteri.it\/pt\/wp-json\/wp\/v2\/pages"}],"about":[{"href":"https:\/\/consrecife.esteri.it\/pt\/wp-json\/wp\/v2\/types\/page"}],"author":[{"embeddable":true,"href":"https:\/\/consrecife.esteri.it\/pt\/wp-json\/wp\/v2\/users\/4"}],"replies":[{"embeddable":true,"href":"https:\/\/consrecife.esteri.it\/pt\/wp-json\/wp\/v2\/comments?post=3266"}],"version-history":[{"count":1,"href":"https:\/\/consrecife.esteri.it\/pt\/wp-json\/wp\/v2\/pages\/3266\/revisions"}],"predecessor-version":[{"id":3268,"href":"https:\/\/consrecife.esteri.it\/pt\/wp-json\/wp\/v2\/pages\/3266\/revisions\/3268"}],"up":[{"embeddable":true,"href":"https:\/\/consrecife.esteri.it\/pt\/wp-json\/wp\/v2\/pages\/221"}],"wp:attachment":[{"href":"https:\/\/consrecife.esteri.it\/pt\/wp-json\/wp\/v2\/media?parent=3266"}],"curies":[{"name":"wp","href":"https:\/\/api.w.org\/{rel}","templated":true}]}}

<h1 class="entry-title h3"><strong style="font-size: 16px;">PATRONATI NO NORDESTE</strong></h1>
<p>O Patronato é uma instituição de origem italiana. Segundo a Lei nº 152 de 30 de maio de 2001, o Patronato presta atividades de informação, de assistência e de tutela aos trabalhadores, aposentados ou aos cidadãos italianos em geral. Presta qualquer tipo de assistência em matéria de previdência social na Itália e no exterior, imigração e emigração. A seguir, os dados das sedes dos Patronati italianos no Nordeste.</p>
<p>&nbsp;</p>
<div class="entry-content">
<p><strong>PATRONATO UIL</strong><br />
Responsável:             Lidiane Schioppo<br />
Endereço:                     Rua Vicente Linhares, 521, Sala 1205, 12º andar &#8211; Aldeota<br />
601352-70 – Fortaleza – CE<br />
Tel.:                            (+55/85) 3181-6785<br />
E-Mail:                        italfortaleza@uil.org.br</p>
</div>
<p><strong>PATRONATO UIL</strong><br />
Responsável:             Fernanda Costa<br />
Endereço:                     Avenida Sete de Setembro, 1238<br />
400600-00 – Salvador – BA<br />
Tel.:                            (+55/71) 3035-4388<br />
E-Mail:                        italsalvador@uil.org.br</p>

PATRONATI NO NORDESTE O Patronato é uma instituição de origem italiana. Segundo a Lei nº 152 de 30 de maio de 2001, o Patronato presta atividades de informação, de assistência e de tutela aos trabalhadores, aposentados ou aos cidadãos italianos em geral. Presta qualquer tipo de assistência em matéria de previdência social na Itália e [&hellip;]
