{"id":549,"date":"2023-01-20T17:02:17","date_gmt":"2023-01-20T16:02:17","guid":{"rendered":"https:\/\/consrecife.esteri.it\/?page_id=549"},"modified":"2023-01-20T17:02:17","modified_gmt":"2023-01-20T16:02:17","slug":"estudos","status":"publish","type":"page","link":"https:\/\/consrecife.esteri.it\/pt\/servizi-consolari-e-visti\/servizi-per-il-cittadino-italiano\/estudos\/","title":{"rendered":"Estudos"},"content":{"rendered":"<p>O sector cultural constitui um dos pilares da coopera\u00e7\u00e3o italo-brasileira. A It\u00e1lia e o Brasil sempre sublinharam a import\u00e2ncia da cultura como um instrumento de promo\u00e7\u00e3o e consolida\u00e7\u00e3o das rela\u00e7\u00f5es m\u00fatuas.<\/p>\n<p>A procura da l\u00edngua e cultura italianas no Brasil est\u00e1 constantemente a aumentar, mesmo nas \u00e1reas que n\u00e3o t\u00eam sido tradicionalmente afectadas pela emigra\u00e7\u00e3o do nosso pa\u00eds. Isto confirma o facto de que existe um interesse na l\u00edngua e cultura italiana tout court, n\u00e3o necessariamente ligado \u00e0 descend\u00eancia italiana. Actualmente, assistimos a um aumento constante do n\u00famero de utilizadores ou descendentes n\u00e3o italianos.<\/p>\n<p>O Brasil ocupa o 11\u00ba lugar no ranking dos 119 pa\u00edses para o n\u00famero de estudantes de italiano. O n\u00famero de estudantes brasileiros envolvidos na aprendizagem de l\u00ednguas est\u00e1 a aumentar, de tal modo que os pr\u00f3prios leitores confirmaram a exist\u00eancia de um elevado n\u00famero de estudantes em lista de espera que n\u00e3o conseguem aceder aos cursos que ensinam. Gra\u00e7as \u00e0 participa\u00e7\u00e3o italiana no programa &#8220;Ci\u00eancia sem Fronteiras&#8221;, a It\u00e1lia tornou-se um dos principais destinos escolhidos pelos estudantes brasileiros para o seu per\u00edodo de forma\u00e7\u00e3o no estrangeiro. De 2013 a 2015, cerca de 4.000 estudantes brasileiros viajaram para It\u00e1lia. No Brasil, h\u00e1 uma grande e qualificada presen\u00e7a de investigadores e docentes italianos activos no sistema acad\u00e9mico brasileiro. Os mais de 800 acordos bilaterais assinados nos \u00faltimos anos por universidades e institui\u00e7\u00f5es de investiga\u00e7\u00e3o italianas e brasileiras consolidaram a mobilidade acad\u00e9mica nos dois sentidos.<\/p>\n<p>&nbsp;<\/p>\n<p>Para mais informa\u00e7\u00f5es sobre o estudo da l\u00edngua italiana, visite as sec\u00e7\u00f5es seguintes:<\/p>\n<p><a href=\"https:\/\/ambbrasilia.esteri.it\/ambasciata_brasilia\/resource\/doc\/2019\/11\/imparare_italiano_in_brasile.pdf\">APRENDER ITALIANO NO BRASIL<\/a><\/p>\n<p><a href=\"https:\/\/www.raiscuola.rai.it\/italianoperstranieri\">CULTURA RAI &#8211; PORTAL ITALIANO<\/a><\/p>\n<p><a href=\"https:\/\/ambbrasilia.esteri.it\/ambasciata_brasilia\/resource\/doc\/2018\/02\/corsi_di_italiano_gratuiti_a_distanza.pdf\">CURSOS GRATUITOS DE ENSINO \u00c0 DIST\u00c2NCIA EM ITALIANO<\/a><\/p>\n<p><a href=\"https:\/\/www.ladanterecife.com.br\/\">Dante Alighieri Centro Cultural \u00cdtalo-Brasileiro em Recife<\/a><\/p>\n<p><a href=\"https:\/\/iicrio.esteri.it\/IIC_Riodejaneiro\/it\/\">Instituto Cultural Italiano no Rio de Janeiro<\/a><\/p>\n<p><a href=\"https:\/\/iicsanpaolo.esteri.it\/IIC_Sanpaolo\/it\">Instituto Cultural Italiano de S\u00e3o Paulo<\/a><\/p>\n<p>&nbsp;<\/p>\n<p>Para informa\u00e7\u00f5es sobre bolsas de estudo, consulte a p\u00e1gina &#8220;Oportunidades de Estudo&#8221; da Embaixada de It\u00e1lia em Bras\u00edlia.<\/p>\n","protected":false},"excerpt":{"rendered":"O sector cultural constitui um dos pilares da coopera\u00e7\u00e3o italo-brasileira. A It\u00e1lia e o Brasil sempre sublinharam a import\u00e2ncia da cultura como um instrumento de promo\u00e7\u00e3o e consolida\u00e7\u00e3o das rela\u00e7\u00f5es m\u00fatuas. A procura da l\u00edngua e cultura italianas no Brasil est\u00e1 constantemente a aumentar, mesmo nas \u00e1reas que n\u00e3o t\u00eam sido tradicionalmente afectadas pela emigra\u00e7\u00e3o [&hellip;]","protected":false},"author":4,"featured_media":0,"parent":94,"menu_order":0,"comment_status":"closed","ping_status":"closed","template":"","meta":{"footnotes":""},"class_list":["post-549","page","type-page","status-publish","hentry"],"_links":{"self":[{"href":"https:\/\/consrecife.esteri.it\/pt\/wp-json\/wp\/v2\/pages\/549","targetHints":{"allow":["GET"]}}],"collection":[{"href":"https:\/\/consrecife.esteri.it\/pt\/wp-json\/wp\/v2\/pages"}],"about":[{"href":"https:\/\/consrecife.esteri.it\/pt\/wp-json\/wp\/v2\/types\/page"}],"author":[{"embeddable":true,"href":"https:\/\/consrecife.esteri.it\/pt\/wp-json\/wp\/v2\/users\/4"}],"replies":[{"embeddable":true,"href":"https:\/\/consrecife.esteri.it\/pt\/wp-json\/wp\/v2\/comments?post=549"}],"version-history":[{"count":0,"href":"https:\/\/consrecife.esteri.it\/pt\/wp-json\/wp\/v2\/pages\/549\/revisions"}],"up":[{"embeddable":true,"href":"https:\/\/consrecife.esteri.it\/pt\/wp-json\/wp\/v2\/pages\/94"}],"wp:attachment":[{"href":"https:\/\/consrecife.esteri.it\/pt\/wp-json\/wp\/v2\/media?parent=549"}],"curies":[{"name":"wp","href":"https:\/\/api.w.org\/{rel}","templated":true}]}}

<p>O sector cultural constitui um dos pilares da cooperação italo-brasileira. A Itália e o Brasil sempre sublinharam a importância da cultura como um instrumento de promoção e consolidação das relações mútuas.</p>
<p>A procura da língua e cultura italianas no Brasil está constantemente a aumentar, mesmo nas áreas que não têm sido tradicionalmente afectadas pela emigração do nosso país. Isto confirma o facto de que existe um interesse na língua e cultura italiana tout court, não necessariamente ligado à descendência italiana. Actualmente, assistimos a um aumento constante do número de utilizadores ou descendentes não italianos.</p>
<p>O Brasil ocupa o 11º lugar no ranking dos 119 países para o número de estudantes de italiano. O número de estudantes brasileiros envolvidos na aprendizagem de línguas está a aumentar, de tal modo que os próprios leitores confirmaram a existência de um elevado número de estudantes em lista de espera que não conseguem aceder aos cursos que ensinam. Graças à participação italiana no programa &#8220;Ciência sem Fronteiras&#8221;, a Itália tornou-se um dos principais destinos escolhidos pelos estudantes brasileiros para o seu período de formação no estrangeiro. De 2013 a 2015, cerca de 4.000 estudantes brasileiros viajaram para Itália. No Brasil, há uma grande e qualificada presença de investigadores e docentes italianos activos no sistema académico brasileiro. Os mais de 800 acordos bilaterais assinados nos últimos anos por universidades e instituições de investigação italianas e brasileiras consolidaram a mobilidade académica nos dois sentidos.</p>
<p>&nbsp;</p>
<p>Para mais informações sobre o estudo da língua italiana, visite as secções seguintes:</p>
<p><a href="https://ambbrasilia.esteri.it/ambasciata_brasilia/resource/doc/2019/11/imparare_italiano_in_brasile.pdf">APRENDER ITALIANO NO BRASIL</a></p>
<p><a href="https://www.raiscuola.rai.it/italianoperstranieri">CULTURA RAI &#8211; PORTAL ITALIANO</a></p>
<p><a href="https://ambbrasilia.esteri.it/ambasciata_brasilia/resource/doc/2018/02/corsi_di_italiano_gratuiti_a_distanza.pdf">CURSOS GRATUITOS DE ENSINO À DISTÂNCIA EM ITALIANO</a></p>
<p><a href="https://www.ladanterecife.com.br/">Dante Alighieri Centro Cultural Ítalo-Brasileiro em Recife</a></p>
<p><a href="https://iicrio.esteri.it/IIC_Riodejaneiro/it/">Instituto Cultural Italiano no Rio de Janeiro</a></p>
<p><a href="https://iicsanpaolo.esteri.it/IIC_Sanpaolo/it">Instituto Cultural Italiano de São Paulo</a></p>
<p>&nbsp;</p>
<p>Para informações sobre bolsas de estudo, consulte a página &#8220;Oportunidades de Estudo&#8221; da Embaixada de Itália em Brasília.</p>

O sector cultural constitui um dos pilares da cooperação italo-brasileira. A Itália e o Brasil sempre sublinharam a importância da cultura como um instrumento de promoção e consolidação das relações mútuas. A procura da língua e cultura italianas no Brasil está constantemente a aumentar, mesmo nas áreas que não têm sido tradicionalmente afectadas pela emigração [&hellip;]
