{"id":90,"date":"2022-12-14T13:24:26","date_gmt":"2022-12-14T16:24:26","guid":{"rendered":"https:\/\/consrecife.esteri.it\/italia-e-brasile\/diplomazia-economica\/"},"modified":"2025-11-04T05:41:10","modified_gmt":"2025-11-04T08:41:10","slug":"diplomazia-economica","status":"publish","type":"page","link":"https:\/\/consrecife.esteri.it\/pt\/italia-e-brasile\/diplomazia-economica\/","title":{"rendered":"Diplomacia econ\u00f4mica"},"content":{"rendered":"<p style=\"text-align: justify;\"><span class=\"HwtZe\" lang=\"pt\"><span class=\"jCAhz ChMk0b\"><span class=\"ryNqvb\">O Escrit\u00f3rio Econ\u00f4mico e Comercial do Consulado da It\u00e1lia no Recife, em colabora\u00e7\u00e3o com a Embaixada da It\u00e1lia em Bras\u00edlia, coordena as atividades de promo\u00e7\u00e3o econ\u00f4mica nos 9 estados do Nordeste brasileiro, tendo como objetivo o crescimento do com\u00e9rcio, dos fluxos de investimentos e da coopera\u00e7\u00e3o entre a It\u00e1lia e o Nordeste Brasil.<\/span><\/span> <\/span><\/p>\n<p style=\"text-align: justify;\"><span class=\"HwtZe\" lang=\"pt\"><span class=\"jCAhz ChMk0b\"><span class=\"ryNqvb\">A estrat\u00e9gia de promo\u00e7\u00e3o \u00e9 implementada gra\u00e7as \u00e0 coordena\u00e7\u00e3o cont\u00ednua com os outros sujeitos italianos ativos no Brasil:<\/span><\/span> <\/span><\/p>\n<p>\u2013\u00a0<a href=\"https:\/\/ambbrasilia.esteri.it\/ambasciata_brasilia\/it\"><strong>Ambasciata d\u2019Italia a Brasilia<\/strong><\/a><\/p>\n<p>\u2013\u00a0<a href=\"https:\/\/www.ice.it\/it\"><strong>Agenzia per la promozione all\u2019estero e l\u2019internazionalizzazione delle imprese italiane (ICE)<\/strong><\/a><\/p>\n<p>\u2013\u00a0<a href=\"https:\/\/www.bancaditalia.it\/\"><strong>Banca d\u2019Italia<\/strong><\/a><\/p>\n<p>\u2013\u00a0<a href=\"https:\/\/www.enit.it\/\"><strong>Agenzia Nazionale del Turismo (ENIT)<\/strong><\/a><\/p>\n<p>\u2013\u00a0<a href=\"https:\/\/www.simest.it\/\"><strong>SIMEST<\/strong><\/a><\/p>\n<p>\u2013\u00a0<a href=\"https:\/\/www.sace.it\/\"><strong>SACE<\/strong><\/a><\/p>\n<p>\u2013\u00a0<a href=\"https:\/\/italcam.com.br\/it\/\"><strong>Camera di Commercio italiana di San Paolo<\/strong><\/a><\/p>\n<p>\u2013\u00a0<a href=\"https:\/\/camaraitaliana.com.br\/?lang=it\"><strong>Camera di Commercio italiana di\u00a0Rio de Janeiro<\/strong><\/a><\/p>\n<p style=\"text-align: justify;\"><span class=\"HwtZe\" lang=\"pt\"><span class=\"jCAhz ChMk0b\"><span class=\"ryNqvb\">Para maiores informa\u00e7\u00f5es sobre a presen\u00e7a italiana no Brasil e sobre as oportunidades de neg\u00f3cios no pa\u00eds, \u00e9 poss\u00edvel consultar o Guia<\/span><\/span><\/span> \u201c<a href=\"https:\/\/consrecife.esteri.it\/consolato_recife\/resource\/doc\/2019\/10\/doing_business_in_brasile_1.pdf\" target=\"_blank\" rel=\"noopener\">DOING BUSINESS IN BRASILE<\/a>\u201d <span class=\"HwtZe\" lang=\"pt\"><span class=\"jCAhz ChMk0b\"><span class=\"ryNqvb\">e os anexos: <\/span><\/span><\/span> <a class=\"\" href=\"https:\/\/consrecife.esteri.it\/consolato_recife\/resource\/doc\/2019\/10\/appendice_1-_guida_giuridica_1.pdf\" data-focus-mouse=\"false\">Guida giuridica<\/a>, <a href=\"https:\/\/consrecife.esteri.it\/consolato_recife\/resource\/doc\/2019\/10\/appendice_2_-_lista_imprese_1.pdf\">lista imprese<\/a>, <a href=\"https:\/\/consrecife.esteri.it\/consolato_recife\/resource\/doc\/2019\/10\/appendice_3_-_accordo_ue_-_mercosur_1.pdf\">accordo UE-MERCOSUL.<\/a><\/p>\n<p>&nbsp;<\/p>\n","protected":false},"excerpt":{"rendered":"O Escrit\u00f3rio Econ\u00f4mico e Comercial do Consulado da It\u00e1lia no Recife, em colabora\u00e7\u00e3o com a Embaixada da It\u00e1lia em Bras\u00edlia, coordena as atividades de promo\u00e7\u00e3o econ\u00f4mica nos 9 estados do Nordeste brasileiro, tendo como objetivo o crescimento do com\u00e9rcio, dos fluxos de investimentos e da coopera\u00e7\u00e3o entre a It\u00e1lia e o Nordeste Brasil. A estrat\u00e9gia [&hellip;]","protected":false},"author":3,"featured_media":0,"parent":31,"menu_order":0,"comment_status":"closed","ping_status":"closed","template":"","meta":{"footnotes":""},"class_list":["post-90","page","type-page","status-publish","hentry"],"_links":{"self":[{"href":"https:\/\/consrecife.esteri.it\/pt\/wp-json\/wp\/v2\/pages\/90","targetHints":{"allow":["GET"]}}],"collection":[{"href":"https:\/\/consrecife.esteri.it\/pt\/wp-json\/wp\/v2\/pages"}],"about":[{"href":"https:\/\/consrecife.esteri.it\/pt\/wp-json\/wp\/v2\/types\/page"}],"author":[{"embeddable":true,"href":"https:\/\/consrecife.esteri.it\/pt\/wp-json\/wp\/v2\/users\/3"}],"replies":[{"embeddable":true,"href":"https:\/\/consrecife.esteri.it\/pt\/wp-json\/wp\/v2\/comments?post=90"}],"version-history":[{"count":1,"href":"https:\/\/consrecife.esteri.it\/pt\/wp-json\/wp\/v2\/pages\/90\/revisions"}],"predecessor-version":[{"id":4819,"href":"https:\/\/consrecife.esteri.it\/pt\/wp-json\/wp\/v2\/pages\/90\/revisions\/4819"}],"up":[{"embeddable":true,"href":"https:\/\/consrecife.esteri.it\/pt\/wp-json\/wp\/v2\/pages\/31"}],"wp:attachment":[{"href":"https:\/\/consrecife.esteri.it\/pt\/wp-json\/wp\/v2\/media?parent=90"}],"curies":[{"name":"wp","href":"https:\/\/api.w.org\/{rel}","templated":true}]}}

Diplomacia econômica

<p style="text-align: justify;"><span class="HwtZe" lang="pt"><span class="jCAhz ChMk0b"><span class="ryNqvb">O Escritório Econômico e Comercial do Consulado da Itália no Recife, em colaboração com a Embaixada da Itália em Brasília, coordena as atividades de promoção econômica nos 9 estados do Nordeste brasileiro, tendo como objetivo o crescimento do comércio, dos fluxos de investimentos e da cooperação entre a Itália e o Nordeste Brasil.</span></span> </span></p>
<p style="text-align: justify;"><span class="HwtZe" lang="pt"><span class="jCAhz ChMk0b"><span class="ryNqvb">A estratégia de promoção é implementada graças à coordenação contínua com os outros sujeitos italianos ativos no Brasil:</span></span> </span></p>
<p>– <a href="https://ambbrasilia.esteri.it/ambasciata_brasilia/it"><strong>Ambasciata d’Italia a Brasilia</strong></a></p>
<p>– <a href="https://www.ice.it/it"><strong>Agenzia per la promozione all’estero e l’internazionalizzazione delle imprese italiane (ICE)</strong></a></p>
<p>– <a href="https://www.bancaditalia.it/"><strong>Banca d’Italia</strong></a></p>
<p>– <a href="https://www.enit.it/"><strong>Agenzia Nazionale del Turismo (ENIT)</strong></a></p>
<p>– <a href="https://www.simest.it/"><strong>SIMEST</strong></a></p>
<p>– <a href="https://www.sace.it/"><strong>SACE</strong></a></p>
<p>– <a href="https://italcam.com.br/it/"><strong>Camera di Commercio italiana di San Paolo</strong></a></p>
<p>– <a href="https://camaraitaliana.com.br/?lang=it"><strong>Camera di Commercio italiana di Rio de Janeiro</strong></a></p>
<p style="text-align: justify;"><span class="HwtZe" lang="pt"><span class="jCAhz ChMk0b"><span class="ryNqvb">Para maiores informações sobre a presença italiana no Brasil e sobre as oportunidades de negócios no país, é possível consultar o Guia</span></span></span> “<a href="https://consrecife.esteri.it/consolato_recife/resource/doc/2019/10/doing_business_in_brasile_1.pdf" target="_blank" rel="noopener">DOING BUSINESS IN BRASILE</a>” <span class="HwtZe" lang="pt"><span class="jCAhz ChMk0b"><span class="ryNqvb">e os anexos: </span></span></span> <a class="" href="https://consrecife.esteri.it/consolato_recife/resource/doc/2019/10/appendice_1-_guida_giuridica_1.pdf" data-focus-mouse="false">Guida giuridica</a>, <a href="https://consrecife.esteri.it/consolato_recife/resource/doc/2019/10/appendice_2_-_lista_imprese_1.pdf">lista imprese</a>, <a href="https://consrecife.esteri.it/consolato_recife/resource/doc/2019/10/appendice_3_-_accordo_ue_-_mercosur_1.pdf">accordo UE-MERCOSUL.</a></p>
<p>&nbsp;</p>

O Escritório Econômico e Comercial do Consulado da Itália no Recife, em colaboração com a Embaixada da Itália em Brasília, coordena as atividades de promoção econômica nos 9 estados do Nordeste brasileiro, tendo como objetivo o crescimento do comércio, dos fluxos de investimentos e da cooperação entre a Itália e o Nordeste Brasil. A estratégia [&hellip;]
